ts digit of j?
1
Let y = 7 - 7. Suppose y = -4*d + 16 + 28. What is the units digit of d?
1
Suppose -z - 2*q + 46 = 2*q, 3*q = z - 67. What is the tens digit of z?
5
Suppose -15*r = -20*r + 40. Suppose 5*h + 36 = r*h. What is the tens digit of h?
1
Let g(o) be the second derivative of 3*o**4/2 - o**3/6 + o**2/2 + 5*o. What is the units digit of g(1)?
8
Let x = 58 - 54. What is the units digit of x?
4
Suppose 0 = -n + 2 - 1. Suppose -4*t + 4 = -4*m, -m - 2*t + n = -4. What is the units digit of -2 - (2 - 12)/m?
8
Suppose 4*o = 4*d + 80, o - 16 = -0*d + 5*d. What is the tens digit of o?
2
Let k(a) be the third derivative of -1/8*a**6 + 0 + 0*a**5 + 0*a - 1/6*a**3 - 3*a**2 + 0*a**4. What is the tens digit of k(-1)?
1
Let b = -28 - -100. What is the units digit of b?
2
Suppose 6*r = 2*r. Let u = r + -3. Let y = u - -5. What is the units digit of y?
2
Let v = -60 - -109. Suppose 0 = -3*x + v + 41. What is the tens digit of x?
3
Let g = 13 - 8. Suppose d + 2*j - 7 = -2, g*d - 5*j + 5 = 0. Suppose -3 - d = -4*z. What is the units digit of z?
1
Let x(k) = -k**3 - 6*k**2 + 6*k - 3. Let h be x(-7). Suppose h*a - 5 - 3 = 0. Suppose -4*p + 10 + a = 0. What is the units digit of p?
3
Suppose 4*z - z = 27. Suppose -2*r = -3*o - z - 73, 5*r = -4*o + 159. What is the tens digit of r?
3
Suppose 5*g = -0*g + 30. What is the units digit of g?
6
Suppose -8*t = -9*t + 43. What is the tens digit of t?
4
Let p(y) = 3*y + 7. What is the tens digit of p(8)?
3
Suppose -38 = 3*u - 152. What is the tens digit of u?
3
Suppose n - 6*n = -4*l + 15, 5*n = 3*l - 15. Let u(a) = a**2 + 8. What is the units digit of u(l)?
8
Let g(t) = t**3 + 5*t**2 + 3. Suppose -4*w + 8*w = -4*u + 4, -7 = 3*w + u. What is the units digit of g(w)?
9
Let r = 0 - -44. What is the tens digit of r?
4
Suppose v - 29 = -4*w, -5*v - 3*w = 19 - 181. What is the units digit of v?
3
Let r be ((-12)/(-20))/(2/30). Let i = r + -7. What is the units digit of 12 - (i + -2 - -3)?
9
Let d = -24 + 34. What is the units digit of d?
0
Suppose -4*j - 4*k + 2*k = 0, -5*j - 5*k - 10 = 0. Suppose 5*b - j*b - 21 = 0. What is the units digit of b?
7
Let d = 10 + -6. Suppose -j + 80 = d*j. What is the tens digit of j?
1
Let z(a) = a. Let u(g) be the third derivative of -g**5/60 + 5*g**4/24 + 5*g**3/6 + g**2. Let j be u(5). What is the units digit of z(j)?
5
Suppose -x - 11 = 2*d + d, 34 = -2*x - 3*d. Let l = x - -39. What is the tens digit of l?
1
Let g(i) = 60*i + 46. What is the tens digit of g(6)?
0
Let v(x) = x + 2. What is the units digit of v(-1)?
1
Suppose -f + 34 = -4*s, 4*f + s - 50 = 103. What is the units digit of f?
8
Let r = 420 - 236. What is the units digit of r?
4
Let q(i) = -i**3 + 2*i**2 + 2*i - 2. Suppose 2*f - f - 3 = 0. Suppose f + 3 = -3*w. What is the tens digit of q(w)?
1
What is the units digit of 10/(-5*2/(-55))?
5
Let w(u) = -u**2 - 8*u - 8. Let k be w(-6). Suppose 0 = k*m - 60 + 12. What is the units digit of (-4)/6 + 32/m?
2
Let g be 1/(-2 - 9/(-6)). Let u = 0 - g. Suppose -4*f = 3*t - 12, u*t - 6*t - 4*f + 16 = 0. What is the units digit of t?
4
Let g(q) = -2*q - 1. Let h be g(-3). Suppose 9 = -h*a + 54. What is the units digit of a?
9
Let c = 0 + 10. Suppose 10*g + 30 = 5*g + 2*f, c = -2*f. What is the units digit of (g/(-24))/(2/66)?
1
Let m(b) = 96*b**2 + 2*b - 2. What is the tens digit of m(1)?
9
Let x = -18 - -11. Let y = -5 - x. Suppose -f - y = -2*b - 0, -2*f + 5 = -b. What is the units digit of f?
4
Let g(d) = -d + 7. Let f(y) = 2*y - 13. Let h(r) = -3*f(r) - 5*g(r). Suppose -5*u = -2*u + 12. What is the units digit of h(u)?
8
Suppose 0 = 2*y - 4*y - 2. Let i = y + 6. What is the units digit of i?
5
Let b(p) = 3 + 3 - 6 + 7*p. What is the tens digit of b(2)?
1
What is the units digit of (8/6)/(1/9)?
2
What is the units digit of (4/(-6))/(8/(-12))?
1
Let r = -15 + 6. What is the units digit of (1 - -1)/((-6)/r)?
3
Let i(u) = 2*u**2 + 3*u - 7. What is the tens digit of i(-4)?
1
Suppose 0*s = s + 16. What is the units digit of s/5*(-5)/2?
8
Let q = -101 - -169. What is the units digit of q?
8
Let z(a) = 0*a + 5*a + 5 - a - a. What is the tens digit of z(4)?
1
Suppose -x + 4 = 3. Suppose r = 3 - x. What is the units digit of r?
2
Let x = 18 - 8. Let g be 4/x - 224/(-40). Suppose -h = -2*h + g. What is the units digit of h?
6
Let j = -16 - -24. What is the units digit of j?
8
Let b(x) = x. Let l(t) = 9*t - 1. Let p(q) = -6*b(q) + l(q). Let g be p(2). Suppose -4*v = -g*w + 68, 20 = 2*w - 5*v + v. What is the tens digit of w?
1
Let v be 4 + 4*6/8. Suppose -5*m + 4*f = -43 - 2, -f = 2*m - 5. Suppose v = m*p - 68. What is the units digit of p?
5
Let f be (-3 - 22/(-4))*4. Suppose n + 14 = 2*h + 3*n, f = 4*h - 2*n. Suppose 21 = h*b - 3. What is the units digit of b?
6
Suppose j - 72 = 24. What is the units digit of j?
6
What is the hundreds digit of ((-4 + 2)/2)/1 - -245?
2
Suppose q - 25 = -4*s - s, q - 22 = -4*s. Let k = q - 6. What is the units digit of k?
4
Let i be 26/1*(-8)/16. Let m = -12 - i. What is the units digit of m?
1
Suppose 5*r + 1064 = 4*u, -4*r + 0*r = -2*u + 538. What is the hundreds digit of u?
2
Let q = 2 + -2. Suppose q*w - 85 = -5*w. What is the units digit of w?
7
Let o(a) = a**3 + 9*a**2 + a + 9. Let w be o(-9). Let k = 42 - w. What is the units digit of k?
2
Let b(q) = 29*q + 12. What is the units digit of b(2)?
0
Let u = -27 + 19. Let l = 4 - u. What is the tens digit of 3/l - (-117)/12?
1
Let i(b) be the first derivative of -7/2*b**2 + 1/3*b**3 - 2 - 7*b. What is the units digit of i(8)?
1
Suppose 0 = w - 0*w - 5. What is the tens digit of w/2*(-112)/(-20)?
1
Let l be (-326)/(-14) - (-6)/(-21). Let r(d) = -9*d + 1. Let v be r(-1). Let i = l - v. What is the units digit of i?
3
Let a(w) = -13*w + 44. Let n(q) = 3*q - 11. Let o(p) = -2*a(p) - 9*n(p). Let g be o(6). Let t = 5 + g. What is the units digit of t?
0
Let j be (-5)/(25/(-6))*10. Let c = -6 + j. What is the units digit of c?
6
Let a(i) = i + 5. Let z be a(0). Let j be (-52)/z + 4/10. What is the units digit of 6/15*(0 - j)?
4
Suppose 5*z - 22 = -2*t + 3, 0 = -3*z + 4*t + 15. Suppose v + 14 = z*v + 2*h, -v + 4*h - 10 = 0. Suppose i - 5 = v. What is the units digit of i?
7
Let s(d) = 2*d**2 + 10*d + 2. Let y be s(-5). What is the units digit of y*(0 + -2) - -8?
4
Suppose 5*d = 2*d + 42. Let q(t) = -t**2 - 7*t - 7. Let g be q(-7). Let l = g + d. What is the units digit of l?
7
Let n(j) = j**3 - 2 - 11*j**2 + 13*j**2 + 3 - 4*j. What is the units digit of n(-3)?
4
Suppose 7*j - 5*j - 4 = 0. Let h = 2 + 0. Suppose 3*a = j*a + h. What is the units digit of a?
2
Suppose -163 + 568 = 5*k. Let u = k + -45. What is the units digit of (-1 + -1)/((-8)/u)?
9
Let q(c) = c**2 + 22*c - 36. What is the units digit of q(-32)?
4
Suppose 0*y - 3*y = 0. Suppose -5*x + 4*b + 25 = y, -12 = -5*x + 3*b + 8. What is the units digit of x?
1
Let l = -6 - -11. Let w be (-1 - -49) + (l - 6). Suppose -3*y + w = -10. What is the units digit of y?
9
Let h = -29 - -40. Let i = 1 + h. What is the tens digit of i?
1
Let q(h) = 5*h**2 + 2*h + 1. Let p = -3 + 4. Let v be (-20)/25 + p/(-5). What is the units digit of q(v)?
4
Let l(o) = -o**2 - 12*o + 1. What is the units digit of l(-10)?
1
Let d be (-4)/6*(2 + 7). What is the units digit of 31/6 + 1/d?
5
Let q(y) = 17*y + 2. Let r(d) = -16*d - 3. Let c(v) = -4*q(v) - 3*r(v). What is the tens digit of c(-1)?
2
Suppose -y - 4*f + 11 = 0, 2*f - f = -3*y + 11. Suppose -y = -s + 2. What is the units digit of s?
5
Let c be 25/(-2)*(-2)/1. Suppose 7*y + c = 2*y. Let q = 20 + y. What is the tens digit of q?
1
Let b(s) = 7*s - 1. What is the units digit of b(12)?
3
Suppose -4*u + 9 = -7. Suppose u*f - 6 = 2*f. What is the units digit of f?
3
Suppose -3*j + 6*j = 141. What is the tens digit of j?
4
Suppose -539 = -3*g + 2*m, 0 = -g + 2*m + 149 + 24. What is the hundreds digit of g?
1
Suppose 9*s - 3 = 6*s. Let h(w) be the third derivative of w**4/8 - w**3/6 - w**2. What is the units digit of h(s)?
2
Suppose 0 = -v - 5 - 0. Let b = 3 + v. What is the units digit of (-17)/b + (-2)/4?
8
Let z be 0 - (-3)/(-3) - -3. Let n be (-1 - (-7 + z))*7. Let l = n + -17. What is the tens digit of l?
1
Suppose -5*u = -2*o - 305, 0*u + 125 = -o - 3*u. Let k = -90 - o. What is the tens digit of k?
5
Let a(u) = 5*u + 11. L